j = 5 + b. Let i = 32 + -22. What is the remainder when j is divided by i?
5
Suppose -54*h - 55 = -55*h - b, -4*b + 24 = 0. What is the remainder when h is divided by 22?
5
Suppose 10*d - 1979 = 251. Suppose 16*h + d - 879 = 0. Calculate the remainder when 976/6 + 2/6 is divided by h.
40
Let f be (16/48)/((-3)/(-9))*-3. Let b(m) be the second derivative of m**4/12 - 2*m**3/3 - 5*m**2/2 + 2*m. What is the remainder when 40 is divided by b(f)?
8
Suppose 0 = 142*n - 135*n - 1309. Let d = -135 + n. What is the remainder when 204 is divided by d?
48
Let c(s) be the second derivative of 19*s**5/20 + s**3/3 - s**2/2 + 19*s + 1. Calculate the remainder when c(2) is divided by 26.
25
Suppose -67*p = -58*p - 72. Calculate the remainder when 152 is divided by p.
0
Suppose 233104 = 200*f + 28304. What is the remainder when f is divided by 86?
78
Suppose -t = 3*l - 509, 352 = 4*l - 4*t - 316. What is the remainder when 251 is divided by l?
82
Let c(l) = -9*l - 4*l**2 - 20 - 8*l + 3*l**2. Let p(n) = -n**2 - 46*n - 254. Let i be p(-40). What is the remainder when 108 is divided by c(i)?
20
Suppose 48*n - 10 = 46*n. Suppose -12*t + 16*t = -4*r + 504, n*r - t - 636 = 0. What is the remainder when r is divided by 26?
23
Let b(p) = -8*p**2 + 626*p - 768. Let g = -16 + 48. Suppose g + 18 = 5*y. Calculate the remainder when y is divided by b(77).
0
Suppose -613*r = -617*r + 2269 + 727. Calculate the remainder when r is divided by 7.
0
Suppose 0 = -5*r - n + 748, 3*r = 47*n - 51*n + 459. What is the remainder when r is divided by 79?
70
Suppose 1086*l - 676 = 1060*l. Calculate the remainder when 311 is divided by l.
25
Suppose 2*a = -2*d + 94, 3*a + 4*d - 56 = 90. Calculate the remainder when 4711 is divided by a.
7
Calculate the remainder when 192/120 - 46/10 - (-243 + 1) is divided by 29.
7
Suppose -5*p = -6*p + 2, -3*d + 1076 = -5*p. Let i = -346 + d. What is the remainder when 88 is divided by i?
8
Suppose 0 = 2*s + 5*i - 21, 5*s = 3*i + 2*i. Suppose -p - 8 = -2*x - 21, 0 = x - s. What is the remainder when p is divided by 11?
8
Suppose -4*p + 5*w = -543 - 88, -p + 159 = -w. Let a = p + -141. Calculate the remainder when 90 is divided by a.
21
Suppose 0 = -19*n - 85*n - 3891 + 52875. Calculate the remainder when n is divided by 75.
21
Let v = 2481 + -2436. Calculate the remainder when 3824 is divided by v.
44
Suppose -2*g - 27 = -3*p, -5*g - 61 = p - 2*p. Let s be g/8*(-10)/(-3). Calculate the remainder when (-9)/(6/s + 1 - 0) is divided by 24.
21
Let l be 1 - (24 + (-9 + 6 - 0)). What is the remainder when 242 is divided by (-24)/((-3)/(-3) + 26/l)?
2
Let x(h) = 8*h**2 + 119*h - 126. Calculate the remainder when x(-19) is divided by 126.
123
Let l = 8902 - 8821. What is the remainder when 2994 is divided by l?
78
Let b(x) = -x**3 + 41*x - 8. Let f be b(6). Suppose -189 = -f*h + 13*h. Calculate the remainder when 42 is divided by h.
0
Let z(m) = 603*m + 5243. What is the remainder when z(-7) is divided by 31?
30
Suppose 4*i + s = 26, 4*i = -13*s + 16*s + 18. Suppose 3*a - 3*u - 117 = 0, 7*u = -5*a + i*u + 207. What is the remainder when a is divided by 18?
5
Suppose -5*q - 1800 = -2*c, -10*q + 11*q + 360 = -5*c. Let z = 376 + q. Calculate the remainder when 399 is divided by z.
15
Let a = -917 - -548. Let f = a - -387. Calculate the remainder when f is divided by 4.
2
Let t(h) = 3*h**2 + 47*h + 239. What is the remainder when 1707 is divided by t(-7)?
54
Suppose 0 = y - 5*y. Suppose 5 = -z - 4*z, y = -4*k - z - 17. Let c(r) = -4*r - 4. Calculate the remainder when 69 is divided by c(k).
9
Let d = -460 + 293. Let m be (-30)/165 - d/11. What is the remainder when (-1 - 16)/(-2 + m/9) is divided by 19?
13
What is the remainder when (-2947)/2*2/(-7) is divided by 276?
145
Let x(n) = -55*n**3 + 32*n**2 - 2*n - 2. What is the remainder when x(-1) is divided by 22?
21
Let h be (-4)/6 + 220/33. Suppose 8*m + h*m - 3668 = 0. What is the remainder when m is divided by 22?
20
Let s = 35 - 5. Suppose 5*p - 451 = -f, s + 57 = p - 3*f. What is the remainder when p is divided by 21?
6
Let r be (-9)/(-2)*(-4)/(-6). Suppose r*f = -7 + 28. Suppose -267 = -9*y + 39. What is the remainder when y is divided by f?
6
Let w = -6644 + 7573. Calculate the remainder when 2789 is divided by w.
2
Let y(g) = -63*g + 78. Suppose 5*r - 22 = 2*n - 103, -164 = -3*n - r. Calculate the remainder when n is divided by y(1).
8
What is the remainder when 26/(((-1)/(-4))/(((-8380)/(-32))/5)) is divided by 1814?
5
Let t = 5959 + -802. Calculate the remainder when t is divided by 60.
57
What is the remainder when 112 is divided by (8/(-12) - -1) + 340/15?
20
Suppose 0 = -18*g - 147 + 237. Suppose -220 = -13*y + 27. What is the remainder when y is divided by g?
4
Let z = 46 - 27. Let s be (-464)/(-20)*180/48. Suppose 6 = 3*f, -3*a + s*f + 142 = 83*f. What is the remainder when a is divided by z?
12
Let l(w) = 14*w - 5. Let a be -13 + 0 - (80 + -77). Calculate the remainder when l(4) is divided by 54*((-16)/(-24))/(a/(-12)).
24
Let d be 5/1 + (-2163)/7. Let b = 313 + d. What is the remainder when 33 is divided by b?
6
Suppose -28 = -v - 2*j, 3*v - j - 124 = j. Suppose 8*n = -v + 510. What is the remainder when n is divided by 12?
11
Let o(c) = c**3 - 17*c**2 + 38*c + 21. Let n be o(16). Suppose 3*s + f = 235, -5*s - f + 4*f = -n. Calculate the remainder when s is divided by 10.
7
What is the remainder when 885 is divided by -1*21/70 + 3612/40?
75
Let k = 128 + -108. Suppose 29*a - 22*a - 2366 = 0. What is the remainder when a is divided by k?
18
Suppose -13*y + 10*y + m = -79, 109 = 4*y - 5*m. Suppose -5*h = -2*h - 81. Let d = h + -18. Calculate the remainder when y is divided by d.
8
Suppose 3*d = 20 - 5, -3*u + d - 26 = 0. Suppose 0 = -4*i - 2*x - 8 + 52, 3*i = -4*x + 33. What is the remainder when (-264 + -2)/u + 1 is divided by i?
6
Suppose -4*i = 5*s - 37, 2*i = -4*s - s + 31. Suppose -i*m = -5*m + 2*d + 4, 2*d = 3*m - 9. What is the remainder when 21 is divided by m?
1
Suppose 0 = -4*k + 2*s + 74, -3*k + 63 = -3*s. Suppose 0 = 4*h - k, 4*h = -2*d + 182 - 14. Let b = d - 50. What is the remainder when b is divided by 15?
11
Suppose -7*i = -12*i + 365. Suppose -19 = 6*y - i. Let a = 11 + 30. What is the remainder when a is divided by y?
5
Let a = -63 - -62. Let w be (15/6 + -2)/a*0. Suppose -5*g = -w*g - 265. Calculate the remainder when g is divided by 11.
9
Let q(p) = -21 - 3*p + 7*p + p - 2*p. Calculate the remainder when 81 is divided by q(9).
3
Let p(w) be the third derivative of -1/12*w**4 - w**2 + 0*w - 1/60*w**6 + 0 - 1/60*w**5 - 1/3*w**3. Calculate the remainder when p(-2) is divided by 9.
5
Suppose 8*s = 13*s + 25. Let i(a) = -a + 9. Calculate the remainder when 55 is divided by i(s).
13
Let w(r) = -9*r**3 - 3*r**2 - 4*r - 5. Let h be w(-2). Let x = 131 - h. What is the remainder when x is divided by 7?
5
Let t(h) = -42*h - 334. Calculate the remainder when 417 is divided by t(-9).
21
Let y(b) be the first derivative of -b**3/3 - 6*b**2 + 24*b + 32. Let p = -14 + 32. Calculate the remainder when y(-11) is divided by p.
17
Suppose 16 = 4*z, -2*z - 10 = -2*n + 4. Calculate the remainder when 9/(-18)*-58*(-2 - -3) is divided by n.
7
Let s = -440 + 456. Suppose 2*h - s = h - 3*o, 2 = -o. Calculate the remainder when (-64 - 0)/(-1 - 0) is divided by h.
20
Let i(b) = -b**3 - 11*b**2 - 6*b - 45. Let y be i(-10). Calculate the remainder when 193 is divided by y/(-3) - ((-35)/(-15))/7.
25
Let j(l) = l**3 + 57*l**2 + 17*l - 2098. What is the remainder when 1120 is divided by j(-56)?
2
Let r = 29 + -12. Let n be (0/(1 + 3))/((-7)/7). Suppose 2*i + s - 21 = -2*s, -4*s + 4 = n. Calculate the remainder when r is divided by i.
8
Let x = 132 - 96. Suppose -34*v - 746 = -x*v. Calculate the remainder when v is divided by 13.
9
Let l be -7 - (7 - (1 + 11)). What is the remainder when 302 is divided by (144/(-15) - l)/(31/(-155))?
36
Let h = 23385 + -23335. Calculate the remainder when 435 is divided by h.
35
Let o be 495/2 + 2 - 41/(-82). Calculate the remainder when 152 is divided by (-3)/48*4 - o/(-8).
28
Suppose -34*v + 29*v = 0. Suppose 0*b + 5*b - 25 = v. Suppose -2*x = 3*r - 41, 2*x = -2*r + x + 27. What is the remainder when r is divided by b?
3
Suppose -5*a + 4*a - 4 = 0. Suppose 5*x - 2*x = 279. 